. Let x be (-9)/(-4) - 7/28. What is the highest common factor of i and x?
2
Suppose -1 = 3*g + 2. Let o(t) = 9*t + 44*t**2 - 3*t + 1 - 5*t. Let b be o(g). Calculate the greatest common factor of 22 and b.
22
Let i = 26 - 11. Let f = 147 + -50. Let c = -67 + f. What is the greatest common factor of i and c?
15
Suppose 3*p = -0*p + 105. Let t be -5*p/20*-20. What is the highest common divisor of t and 25?
25
Suppose 75*t = 1764 + 936. What is the highest common divisor of 828 and t?
36
Suppose -5129*m + 5127*m = -728. What is the highest common divisor of m and 56?
28
Let t = -105 - -101. Let w be (1 - -1) + (6 - -7) + t. Calculate the greatest common factor of w and 176.
11
Suppose 2*n - n - 9 = 0. Suppose 2*d - 1 = q, n = q + 2*q. Suppose 5*f = 4*r + 214, -d*f + f + 45 = -3*r. Calculate the highest common divisor of f and 6.
6
Let k = 123 - -47. What is the greatest common factor of k and 40?
10
Let j be 38 - (3/(-9) - -1)*3. Suppose 5*l - 25 = 10. Suppose 0 = -3*v + l*v - 72. What is the highest common factor of j and v?
18
Suppose 5*a - 4*i = 445, -74 = -2*a + 2*i + 106. Let l = -86 + 120. Calculate the greatest common divisor of a and l.
17
Let m(d) = -d + 56. Let g be m(20). Calculate the greatest common factor of 900 and g.
36
Let w(m) = 8*m + 18. Let c be w(-7). Let h = c + 49. Calculate the highest common factor of 11 and h.
11
Suppose -t + 14 = 2*i, 78 = 5*t + 2*i - 24. What is the highest common factor of 11 and t?
11
Let l(i) = i**3 + 2*i**2 + i - 1. Let y be l(-2). Let u(n) = -33*n - 1. Let k be u(y). What is the greatest common factor of k and 14?
14
Let g be (-7)/28 - (-178)/8. Let u = g + -2. Calculate the highest common factor of 5 and u.
5
Suppose -51*m - 16 + 67 = 0. Suppose 5*f - 4*a = -a - 85, -4*f = -4*a + 68. Let w be -3*f/3*m. What is the greatest common divisor of 119 and w?
17
Let y be 4/5*(-75)/(-30). Suppose y*x = -x. Suppose -z + 4 - 2 = x. Calculate the greatest common divisor of 1 and z.
1
Suppose 324 = 4*d - 444. Suppose -36 = -2*j + k, 0 = 2*j - 2*k - 30 - 8. Let y = j + 7. Calculate the highest common divisor of d and y.
24
Suppose 4*p = -35*u + 37*u + 538, 553 = 4*p - 5*u. Calculate the highest common divisor of 352 and p.
44
Suppose 0 = 2*a - 1 - 9. Suppose 0 = a*u - 53 - 207. What is the highest common factor of 130 and u?
26
Let j = 797 + -539. Calculate the highest common divisor of 430 and j.
86
Let q(n) = -6*n + 2. Let s be q(-1). Let h be ((-64)/(-36))/((-20)/(-90)). Calculate the greatest common factor of h and s.
8
Suppose -4*h + 2 = -6. Suppose h*v - 14 = 2*g - 4, -3*g = v - 9. Calculate the greatest common factor of v and 30.
6
Let q be 218/24 + (-54)/648. Let i(m) = -m**2 + 1. Let a be i(0). Calculate the highest common divisor of a and q.
1
Suppose 16*t - 3*c = 12*t + 134, 2*t = -3*c + 76. Calculate the highest common factor of t and 45.
5
Let i = 31 - 21. Suppose 8*w = i*w - 24. Calculate the greatest common divisor of 6 and w.
6
Let x(r) = -3*r. Let q be x(1). Let i be 2 + q + -1 + 32. Suppose 34*p + 105 = 41*p. What is the highest common factor of p and i?
15
Let m = -131 + 151. Calculate the highest common factor of 220 and m.
20
Suppose -4*i + 60 + 113 = 3*v, -3*i = -5*v + 327. Calculate the greatest common factor of 441 and v.
63
Suppose 0 = -3*c - 172 + 634. Let q(n) = n**2 - 9*n + 32. Let a be q(6). What is the greatest common divisor of c and a?
14
Let u(h) = h + 30. Suppose 0 = -2*m - 5*z + 2, 4*m - 5*z = 31 - 87. Let j be u(m). Suppose -3*w = -w - 42. What is the highest common factor of j and w?
21
Suppose 0 = -53*t + 58*t + 200. Let j = t - -43. What is the highest common factor of 6 and j?
3
Let s = -451 + 521. Calculate the greatest common divisor of 50 and s.
10
Let n = -16 + 36. Let f(o) = -19*o + 10. Let y be f(0). Calculate the highest common factor of n and y.
10
Let x(l) = l**3 + 9*l**2 - 6*l - 43. Let k be x(-9). Calculate the highest common divisor of k and 539.
11
Let b(m) = 9*m - 50. Let f be b(6). Suppose f*d - j = 501, 0 = 2*d - j - 86 - 165. Suppose 2*p - 150 = -p. Calculate the highest common divisor of d and p.
25
Suppose 2*v - 18 - 82 = 5*l, -5*v = -4*l - 284. Suppose -12*i + 20 = -7*i. Suppose 6*s - 12 = i*s. What is the greatest common divisor of v and s?
6
Let y(d) = -d**3 - 7*d**2 - 5*d + 9. Let v be y(-6). Suppose 4 + 23 = v*n. What is the highest common divisor of n and 27?
9
Let r be (-75)/(-30) + 65/2. Calculate the greatest common divisor of 35 and r.
35
Let i be 1/(-2) - ((-15)/6 - 1). Suppose 3*v + 0*v - 3*k - 12 = 0, i*v - 20 = -k. Suppose 0 = -p + 6*p - 30. What is the greatest common divisor of v and p?
6
Let y be 1 + (-4 + 4)/7. What is the greatest common factor of 3 and y?
1
Let s(r) = -2*r**2 + 1. Let t be ((-12)/30)/(4/(-10)). Let a be s(t). Let l be a*(-3 - -1) + -1. What is the greatest common divisor of l and 11?
1
Let r(v) = v**3 + 7*v**2 + 4*v + 4. Let l be ((-42)/35)/((-6)/(-20)). Let q be r(l). Let p = 90 - q. What is the greatest common divisor of 36 and p?
18
Suppose 2*i = 4*i + 2*o - 360, o = 3*i - 556. Calculate the greatest common divisor of i and 40.
8
Let f = -147 + 18. Suppose 0*s - 5*s = 3*w - 951, 0 = -4*s - 5*w + 766. Let p = f + s. Calculate the greatest common factor of 24 and p.
12
Suppose 2*w = -h - w + 8, w + 9 = 2*h. Calculate the greatest common factor of 41 and h.
1
Let s = -903 + 939. What is the greatest common divisor of s and 20?
4
Suppose 2*j + 4*w - 10 = 5*j, -3*j - 3*w = -18. Suppose -j*i = 6, -5*p + 27 = -p + 3*i. Let k = 3 + -2. What is the greatest common factor of k and p?
1
Let j be (-618)/(-3) + (-21)/(-7). Suppose 0 = -4*l - w + 271, -w = -3*l + 4*w + j. Let r = l + -42. Calculate the greatest common divisor of r and 65.
13
Let d = -2020 - -2026. Calculate the highest common factor of d and 294.
6
Let n(m) = 5*m**2 + 5*m + 38. Let x be n(-4). What is the highest common divisor of 280 and x?
14
Suppose 614*k - 189 = 605*k. Let r be 4/3 + (-8)/(-12). Suppose 5*s - r*h - 37 = 0, -s + 2*h + 4 = 5*h. Calculate the highest common divisor of s and k.
7
Let s(y) = y**3 - 5*y**2 - 2*y + 10. Let j be s(5). Suppose j = -4*g + 19 - 3. Calculate the highest common factor of g and 36.
4
Let g(i) = -i**3 + 3*i**2 - 2*i + 3. Let m be g(2). Suppose -5*o = n - 49, 7*n - m*o - 105 = 2*n. What is the greatest common factor of n and 36?
12
Suppose -27 = -3*i - 0*i. Suppose 2*c - i = -c. Suppose -132 = -9*x + 5*x. What is the highest common divisor of x and c?
3
Suppose -p - 3*r + 57 = 0, -8*r - 6 = -6*r. What is the greatest common divisor of 18 and p?
6
Let v = 64 + -14. Suppose 8 = -l + 4, 3*l = -5*p + 113. Let x be p*(-3 + 0)*-1. Calculate the highest common divisor of x and v.
25
Let k be (1 - 2)/(5/35). Let c = k + 8. Calculate the greatest common factor of c and 2.
1
Let y(t) = -t**3 - 10*t**2 + 8*t - 12. Let w be y(-11). Suppose -2 = -a - 0. Suppose -6*f + 56 = -a*f. Calculate the greatest common factor of w and f.
7
Let m = 260 + -12. Let h = 15 + 47. What is the highest common factor of h and m?
62
Let x be (-1)/((4/(-10))/2). Let w(y) = 0*y**3 + y - x*y**2 + y**3 + 4*y**2 - 5. Let s be w(2). Calculate the greatest common factor of s and 11.
1
Suppose -13 - 17 = -5*n. Suppose 5*k - 5*g = 60, -18 = -k + 4*g + n. What is the highest common divisor of k and 8?
8
Let j = 271 + -216. Calculate the highest common divisor of j and 143.
11
Suppose -5*v + o + 31 = -2*o, -4*v = -5*o - 17. Let l(s) = 35*s + 253. Let f be l(-7). What is the greatest common divisor of f and v?
8
Let v = -147 - -208. What is the greatest common divisor of v and 61?
61
Let x = -637 - -959. Calculate the highest common factor of x and 28.
14
Let i be (6/8 - (-2)/(-4))*4. Let y be i/8*2 - (-94)/8. What is the highest common divisor of y and 96?
12
Suppose -7*q + 312 + 94 = 0. Calculate the greatest common factor of q and 58.
58
Suppose -x + 37 = 2*a, -130 = -5*a - 4*x - 30. Suppose -5*j = 2*d - 10, -3*j - 4*d = 2*j - 10. What is the highest common divisor of a and j?
2
Let d be 30/(-2) + 3 + 0. Let t be (-15 - 1)*6/d. Calculate the greatest common divisor of 32 and t.
8
Let r(o) = o**2 - 4*o - 30. Let f be r(-9). What is the greatest common divisor of f and 6?
3
Suppose -214*z = -230*z + 208. What is the highest common divisor of 247 and z?
13
Let p